{"id":4975,"date":"2021-06-09T13:14:55","date_gmt":"2021-06-09T12:14:55","guid":{"rendered":"https:\/\/www.johannes-sieber.ch\/move\/?page_id=4975"},"modified":"2021-06-09T15:54:21","modified_gmt":"2021-06-09T14:54:21","slug":"script-votum-09-06-2021","status":"publish","type":"page","link":"https:\/\/www.johannes-sieber.ch\/move\/script-votum-09-06-2021\/","title":{"rendered":"Script Votum, 09.06.2021"},"content":{"rendered":"\n<p><strong>Interpellation Nr. 68 Johannes Sieber betreffend Bewilligungsverfahren Allmendnutzung \/ Musikparade \u00abBeat on the street\u00bb (Gesch\u00e4ft 21.5406)<\/strong><\/p>\n\n\n\n<p><em>Herr Pr\u00e4sident, Frau Statthalterin<br>gesch\u00e4tzte Damen und Herren<\/em><\/p>\n\n\n\n<p><em>Ich danke dem Regierungsrat f\u00fcr die Beantwortung der Interpellation.<\/em><\/p>\n\n\n\n<p><em>Grunds\u00e4tzlich kann ich mich damit als befriedigt erkl\u00e4ren<\/em>.<\/p>\n\n\n\n<p><em>Aber auch als besorgt.<\/em><\/p>\n\n\n\n<p><em>Die Deutungs-Hoheit \u00fcber die Nutzungs-Freiheit der Allmend ist ja bekanntlich KEIN neuer Zankapfel.<\/em><\/p>\n\n\n\n<p><em>So muss jetzt ALSO die Bewilligung der Parade \u00abBeat on the street\u00bb neu publiziert werden, damit Einsprachen m\u00f6glich sind.<\/em><\/p>\n\n\n\n<p><em>Das Urteil vom Appellations-Gericht bedeutet eine weitere H\u00fcrde f\u00fcr jene, die sich \u2013  gr\u00f6sstenteils ehrenamtlich \u2013 f\u00fcr eine belebte Kulturstadt einsetzen.<\/em><\/p>\n\n\n\n<p><em>Es besteht die Gefahr, dass nun <em>Veranstaltungen auf Allmend<\/em> MIT Einsprachen  verz\u00f6gert oder gar REIN durch die Dauer des Einsprache-Verfahrens verhindert werden. Diese Entwicklung bereitet Sorgen.<\/em><\/p>\n\n\n\n<p><em>Dass der Regierungsrat f\u00fcr den richterlichen Entscheid NICHT DIE Verantwortung tr\u00e4gt, ist klar. Er weist in seiner Antwort darauf hin, dass Bewilligungen zuk\u00fcnftig FR\u00dcHER als die gesetzliche Frist von DREI Monaten eingereicht werden sollen.<\/em><\/p>\n\n\n\n<p><em>Ich w\u00fcrde es begr\u00fcssen, wenn der Regierungsrat alle langj\u00e4hrigen Veranstaltungs-Partner:innen, DIE zuk\u00fcnftig NEU von einer Publikations-Pflicht betroffen sein k\u00f6nnten,<\/em><\/p>\n\n\n\n<p><em>pro-aktiv \u00dcBER die neuen Rahmenbedingungen informiert UND sie in der Planung der Eingaben unterst\u00fctzt.<\/em><\/p>\n\n\n\n<p><em>Erfreulich ist, dass der RR anerkennt, dass DIE Paraden \u00abBeat on the street\u00bb und auch \u00abJunge Street Groove\u00bb einem Bed\u00fcrfnis der breiten UND mehrheitlich auch JUNGEN Bev\u00f6lkerung entsprechen.<\/em><\/p>\n\n\n\n<p><em>Ich meine sogar, zwischen den Zeilen der Beantwortung ETWAS Wertsch\u00e4tzung gegen\u00fcber den langj\u00e4hrigen Engagements der Organisator:innen LESEN zu k\u00f6nnen.<\/em><\/p>\n\n\n\n<p><em>Das freut mich.<\/em><\/p>\n\n\n\n<p><em>Vielen Dank!<\/em><\/p>\n\n\n\n<p class=\"hinweisbox\"><a href=\"https:\/\/www.johannes-sieber.ch\/move\/wem-gehoert-die-allmend\/\">Zur\u00fcck zur Notiz<\/a><\/p>\n\n\n\n<p class=\"fotoquelle\">Foto zur Notiz: tantepinte.ch<\/p>\n","protected":false},"excerpt":{"rendered":"<p>Interpellation Nr. 68 Johannes Sieber betreffend Bewilligungsverfahren Allmendnutzung \/ Musikparade \u00abBeat on the street\u00bb (Gesch\u00e4ft 21.5406) Herr Pr\u00e4sident, Frau Statthalteringesch\u00e4tzte Damen und Herren Ich danke dem Regierungsrat f\u00fcr die Beantwortung der Interpellation. Grunds\u00e4tzlich kann ich&#8230;<\/p>\n","protected":false},"author":1,"featured_media":4977,"parent":0,"menu_order":0,"comment_status":"closed","ping_status":"closed","template":"","meta":{"footnotes":""},"class_list":["post-4975","page","type-page","status-publish","has-post-thumbnail","hentry"],"yoast_head":"<!-- This site is optimized with the Yoast SEO plugin v27.4 - https:\/\/yoast.com\/product\/yoast-seo-wordpress\/ -->\n<title>Script Votum, 09.06.2021 - Johannes Sieber<\/title>\n<meta name=\"robots\" content=\"index, follow, max-snippet:-1, max-image-preview:large, max-video-preview:-1\" \/>\n<link rel=\"canonical\" href=\"https:\/\/www.johannes-sieber.ch\/move\/script-votum-09-06-2021\/\" \/>\n<meta property=\"og:locale\" content=\"de_DE\" \/>\n<meta property=\"og:type\" content=\"article\" \/>\n<meta property=\"og:title\" content=\"Script Votum, 09.06.2021 - Johannes Sieber\" \/>\n<meta property=\"og:description\" content=\"Interpellation Nr. 68 Johannes Sieber betreffend Bewilligungsverfahren Allmendnutzung \/ Musikparade \u00abBeat on the street\u00bb (Gesch\u00e4ft 21.5406) Herr Pr\u00e4sident, Frau Statthalteringesch\u00e4tzte Damen und Herren Ich danke dem Regierungsrat f\u00fcr die Beantwortung der Interpellation. Grunds\u00e4tzlich kann ich...\" \/>\n<meta property=\"og:url\" content=\"https:\/\/www.johannes-sieber.ch\/move\/script-votum-09-06-2021\/\" \/>\n<meta property=\"og:site_name\" content=\"Johannes Sieber\" \/>\n<meta property=\"article:modified_time\" content=\"2021-06-09T14:54:21+00:00\" \/>\n<meta property=\"og:image\" content=\"https:\/\/www.johannes-sieber.ch\/move\/wp-content\/uploads\/2021\/06\/bots-2.jpg\" \/>\n\t<meta property=\"og:image:width\" content=\"1600\" \/>\n\t<meta property=\"og:image:height\" content=\"1200\" \/>\n\t<meta property=\"og:image:type\" content=\"image\/jpeg\" \/>\n<meta name=\"twitter:card\" content=\"summary_large_image\" \/>\n<meta name=\"twitter:site\" content=\"@JohannesSieber\" \/>\n<meta name=\"twitter:label1\" content=\"Gesch\u00e4tzte Lesezeit\" \/>\n\t<meta name=\"twitter:data1\" content=\"1\u00a0Minute\" \/>\n<script type=\"application\/ld+json\" class=\"yoast-schema-graph\">{\"@context\":\"https:\\\/\\\/schema.org\",\"@graph\":[{\"@type\":\"WebPage\",\"@id\":\"https:\\\/\\\/www.johannes-sieber.ch\\\/move\\\/script-votum-09-06-2021\\\/\",\"url\":\"https:\\\/\\\/www.johannes-sieber.ch\\\/move\\\/script-votum-09-06-2021\\\/\",\"name\":\"Script Votum, 09.06.2021 - Johannes Sieber\",\"isPartOf\":{\"@id\":\"https:\\\/\\\/www.johannes-sieber.ch\\\/move\\\/#website\"},\"primaryImageOfPage\":{\"@id\":\"https:\\\/\\\/www.johannes-sieber.ch\\\/move\\\/script-votum-09-06-2021\\\/#primaryimage\"},\"image\":{\"@id\":\"https:\\\/\\\/www.johannes-sieber.ch\\\/move\\\/script-votum-09-06-2021\\\/#primaryimage\"},\"thumbnailUrl\":\"https:\\\/\\\/www.johannes-sieber.ch\\\/move\\\/wp-content\\\/uploads\\\/2021\\\/06\\\/bots-2.jpg\",\"datePublished\":\"2021-06-09T12:14:55+00:00\",\"dateModified\":\"2021-06-09T14:54:21+00:00\",\"breadcrumb\":{\"@id\":\"https:\\\/\\\/www.johannes-sieber.ch\\\/move\\\/script-votum-09-06-2021\\\/#breadcrumb\"},\"inLanguage\":\"de\",\"potentialAction\":[{\"@type\":\"ReadAction\",\"target\":[\"https:\\\/\\\/www.johannes-sieber.ch\\\/move\\\/script-votum-09-06-2021\\\/\"]}]},{\"@type\":\"ImageObject\",\"inLanguage\":\"de\",\"@id\":\"https:\\\/\\\/www.johannes-sieber.ch\\\/move\\\/script-votum-09-06-2021\\\/#primaryimage\",\"url\":\"https:\\\/\\\/www.johannes-sieber.ch\\\/move\\\/wp-content\\\/uploads\\\/2021\\\/06\\\/bots-2.jpg\",\"contentUrl\":\"https:\\\/\\\/www.johannes-sieber.ch\\\/move\\\/wp-content\\\/uploads\\\/2021\\\/06\\\/bots-2.jpg\",\"width\":1600,\"height\":1200,\"caption\":\"by tantepinte.ch\"},{\"@type\":\"BreadcrumbList\",\"@id\":\"https:\\\/\\\/www.johannes-sieber.ch\\\/move\\\/script-votum-09-06-2021\\\/#breadcrumb\",\"itemListElement\":[{\"@type\":\"ListItem\",\"position\":1,\"name\":\"Startseite\",\"item\":\"https:\\\/\\\/www.johannes-sieber.ch\\\/move\\\/\"},{\"@type\":\"ListItem\",\"position\":2,\"name\":\"Script Votum, 09.06.2021\"}]},{\"@type\":\"WebSite\",\"@id\":\"https:\\\/\\\/www.johannes-sieber.ch\\\/move\\\/#website\",\"url\":\"https:\\\/\\\/www.johannes-sieber.ch\\\/move\\\/\",\"name\":\"Johannes Sieber\",\"description\":\"Notizen zu Kultur, Klima, Stadt &amp; Menschen\",\"publisher\":{\"@id\":\"https:\\\/\\\/www.johannes-sieber.ch\\\/move\\\/#\\\/schema\\\/person\\\/d92682c5f067a49d1c1f925bd5422e14\"},\"potentialAction\":[{\"@type\":\"SearchAction\",\"target\":{\"@type\":\"EntryPoint\",\"urlTemplate\":\"https:\\\/\\\/www.johannes-sieber.ch\\\/move\\\/?s={search_term_string}\"},\"query-input\":{\"@type\":\"PropertyValueSpecification\",\"valueRequired\":true,\"valueName\":\"search_term_string\"}}],\"inLanguage\":\"de\"},{\"@type\":[\"Person\",\"Organization\"],\"@id\":\"https:\\\/\\\/www.johannes-sieber.ch\\\/move\\\/#\\\/schema\\\/person\\\/d92682c5f067a49d1c1f925bd5422e14\",\"name\":\"Johannes Sieber\",\"image\":{\"@type\":\"ImageObject\",\"inLanguage\":\"de\",\"@id\":\"https:\\\/\\\/secure.gravatar.com\\\/avatar\\\/31f81941f5205fb74a8b0f15334401b3be15721e177e88208533a81bf8dae247?s=96&d=mm&r=g\",\"url\":\"https:\\\/\\\/secure.gravatar.com\\\/avatar\\\/31f81941f5205fb74a8b0f15334401b3be15721e177e88208533a81bf8dae247?s=96&d=mm&r=g\",\"contentUrl\":\"https:\\\/\\\/secure.gravatar.com\\\/avatar\\\/31f81941f5205fb74a8b0f15334401b3be15721e177e88208533a81bf8dae247?s=96&d=mm&r=g\",\"caption\":\"Johannes Sieber\"},\"logo\":{\"@id\":\"https:\\\/\\\/secure.gravatar.com\\\/avatar\\\/31f81941f5205fb74a8b0f15334401b3be15721e177e88208533a81bf8dae247?s=96&d=mm&r=g\"},\"sameAs\":[\"https:\\\/\\\/www.johannes-sieber.ch\\\/\",\"https:\\\/\\\/www.instagram.com\\\/johannes__sieber\",\"https:\\\/\\\/x.com\\\/https:\\\/\\\/twitter.com\\\/JohannesSieber\"]}]}<\/script>\n<!-- \/ Yoast SEO plugin. -->","yoast_head_json":{"title":"Script Votum, 09.06.2021 - Johannes Sieber","robots":{"index":"index","follow":"follow","max-snippet":"max-snippet:-1","max-image-preview":"max-image-preview:large","max-video-preview":"max-video-preview:-1"},"canonical":"https:\/\/www.johannes-sieber.ch\/move\/script-votum-09-06-2021\/","og_locale":"de_DE","og_type":"article","og_title":"Script Votum, 09.06.2021 - Johannes Sieber","og_description":"Interpellation Nr. 68 Johannes Sieber betreffend Bewilligungsverfahren Allmendnutzung \/ Musikparade \u00abBeat on the street\u00bb (Gesch\u00e4ft 21.5406) Herr Pr\u00e4sident, Frau Statthalteringesch\u00e4tzte Damen und Herren Ich danke dem Regierungsrat f\u00fcr die Beantwortung der Interpellation. Grunds\u00e4tzlich kann ich...","og_url":"https:\/\/www.johannes-sieber.ch\/move\/script-votum-09-06-2021\/","og_site_name":"Johannes Sieber","article_modified_time":"2021-06-09T14:54:21+00:00","og_image":[{"width":1600,"height":1200,"url":"https:\/\/www.johannes-sieber.ch\/move\/wp-content\/uploads\/2021\/06\/bots-2.jpg","type":"image\/jpeg"}],"twitter_card":"summary_large_image","twitter_site":"@JohannesSieber","twitter_misc":{"Gesch\u00e4tzte Lesezeit":"1\u00a0Minute"},"schema":{"@context":"https:\/\/schema.org","@graph":[{"@type":"WebPage","@id":"https:\/\/www.johannes-sieber.ch\/move\/script-votum-09-06-2021\/","url":"https:\/\/www.johannes-sieber.ch\/move\/script-votum-09-06-2021\/","name":"Script Votum, 09.06.2021 - Johannes Sieber","isPartOf":{"@id":"https:\/\/www.johannes-sieber.ch\/move\/#website"},"primaryImageOfPage":{"@id":"https:\/\/www.johannes-sieber.ch\/move\/script-votum-09-06-2021\/#primaryimage"},"image":{"@id":"https:\/\/www.johannes-sieber.ch\/move\/script-votum-09-06-2021\/#primaryimage"},"thumbnailUrl":"https:\/\/www.johannes-sieber.ch\/move\/wp-content\/uploads\/2021\/06\/bots-2.jpg","datePublished":"2021-06-09T12:14:55+00:00","dateModified":"2021-06-09T14:54:21+00:00","breadcrumb":{"@id":"https:\/\/www.johannes-sieber.ch\/move\/script-votum-09-06-2021\/#breadcrumb"},"inLanguage":"de","potentialAction":[{"@type":"ReadAction","target":["https:\/\/www.johannes-sieber.ch\/move\/script-votum-09-06-2021\/"]}]},{"@type":"ImageObject","inLanguage":"de","@id":"https:\/\/www.johannes-sieber.ch\/move\/script-votum-09-06-2021\/#primaryimage","url":"https:\/\/www.johannes-sieber.ch\/move\/wp-content\/uploads\/2021\/06\/bots-2.jpg","contentUrl":"https:\/\/www.johannes-sieber.ch\/move\/wp-content\/uploads\/2021\/06\/bots-2.jpg","width":1600,"height":1200,"caption":"by tantepinte.ch"},{"@type":"BreadcrumbList","@id":"https:\/\/www.johannes-sieber.ch\/move\/script-votum-09-06-2021\/#breadcrumb","itemListElement":[{"@type":"ListItem","position":1,"name":"Startseite","item":"https:\/\/www.johannes-sieber.ch\/move\/"},{"@type":"ListItem","position":2,"name":"Script Votum, 09.06.2021"}]},{"@type":"WebSite","@id":"https:\/\/www.johannes-sieber.ch\/move\/#website","url":"https:\/\/www.johannes-sieber.ch\/move\/","name":"Johannes Sieber","description":"Notizen zu Kultur, Klima, Stadt &amp; Menschen","publisher":{"@id":"https:\/\/www.johannes-sieber.ch\/move\/#\/schema\/person\/d92682c5f067a49d1c1f925bd5422e14"},"potentialAction":[{"@type":"SearchAction","target":{"@type":"EntryPoint","urlTemplate":"https:\/\/www.johannes-sieber.ch\/move\/?s={search_term_string}"},"query-input":{"@type":"PropertyValueSpecification","valueRequired":true,"valueName":"search_term_string"}}],"inLanguage":"de"},{"@type":["Person","Organization"],"@id":"https:\/\/www.johannes-sieber.ch\/move\/#\/schema\/person\/d92682c5f067a49d1c1f925bd5422e14","name":"Johannes Sieber","image":{"@type":"ImageObject","inLanguage":"de","@id":"https:\/\/secure.gravatar.com\/avatar\/31f81941f5205fb74a8b0f15334401b3be15721e177e88208533a81bf8dae247?s=96&d=mm&r=g","url":"https:\/\/secure.gravatar.com\/avatar\/31f81941f5205fb74a8b0f15334401b3be15721e177e88208533a81bf8dae247?s=96&d=mm&r=g","contentUrl":"https:\/\/secure.gravatar.com\/avatar\/31f81941f5205fb74a8b0f15334401b3be15721e177e88208533a81bf8dae247?s=96&d=mm&r=g","caption":"Johannes Sieber"},"logo":{"@id":"https:\/\/secure.gravatar.com\/avatar\/31f81941f5205fb74a8b0f15334401b3be15721e177e88208533a81bf8dae247?s=96&d=mm&r=g"},"sameAs":["https:\/\/www.johannes-sieber.ch\/","https:\/\/www.instagram.com\/johannes__sieber","https:\/\/x.com\/https:\/\/twitter.com\/JohannesSieber"]}]}},"jetpack_sharing_enabled":true,"_links":{"self":[{"href":"https:\/\/www.johannes-sieber.ch\/move\/wp-json\/wp\/v2\/pages\/4975","targetHints":{"allow":["GET"]}}],"collection":[{"href":"https:\/\/www.johannes-sieber.ch\/move\/wp-json\/wp\/v2\/pages"}],"about":[{"href":"https:\/\/www.johannes-sieber.ch\/move\/wp-json\/wp\/v2\/types\/page"}],"author":[{"embeddable":true,"href":"https:\/\/www.johannes-sieber.ch\/move\/wp-json\/wp\/v2\/users\/1"}],"replies":[{"embeddable":true,"href":"https:\/\/www.johannes-sieber.ch\/move\/wp-json\/wp\/v2\/comments?post=4975"}],"version-history":[{"count":35,"href":"https:\/\/www.johannes-sieber.ch\/move\/wp-json\/wp\/v2\/pages\/4975\/revisions"}],"predecessor-version":[{"id":5020,"href":"https:\/\/www.johannes-sieber.ch\/move\/wp-json\/wp\/v2\/pages\/4975\/revisions\/5020"}],"wp:featuredmedia":[{"embeddable":true,"href":"https:\/\/www.johannes-sieber.ch\/move\/wp-json\/wp\/v2\/media\/4977"}],"wp:attachment":[{"href":"https:\/\/www.johannes-sieber.ch\/move\/wp-json\/wp\/v2\/media?parent=4975"}],"curies":[{"name":"wp","href":"https:\/\/api.w.org\/{rel}","templated":true}]}}