{"id":7405,"date":"2023-06-29T07:03:13","date_gmt":"2023-06-29T06:03:13","guid":{"rendered":"https:\/\/www.johannes-sieber.ch\/move\/?page_id=7405"},"modified":"2023-06-29T07:03:16","modified_gmt":"2023-06-29T06:03:16","slug":"script-votum-28-06-2023","status":"publish","type":"page","link":"https:\/\/www.johannes-sieber.ch\/move\/script-votum-28-06-2023\/","title":{"rendered":"Script Votum, 28.06.2023"},"content":{"rendered":"\n<p><strong>Votum zum Rechenschaftsbericht der Gesch\u00e4ftspr\u00fcfungskommission und Bericht zum Jahresbericht 2022 des Regierungsrats.<\/strong><\/p>\n\n\n\n<p><em>Herr Pr\u00e4sident, Herr Statthalter,<br>Kolleginnen und Kollegen,<br>gesch\u00e4tzte Regierung<\/em><\/p>\n\n\n\n<p><em>Die Fraktion der Gr\u00fcnliberalen schliesst sich dem Dank an die Regierung, die Verwaltung, die Kleeblatt-organisationen und allen anderen Involvierten an.<\/em><\/p>\n\n\n\n<p><em>Der Dank gilt auch der Gesch\u00e4ftspr\u00fcfungskommission, die ja bekanntlich die Aufgabe hat, staatliches Handeln hinsichtlich Angemessenheit, Berechenbarkeit, Effizienz, Kundenfreundlichkeit, Rechtm\u00e4ssigkeit und Transparenz zu pr\u00fcfen und zu f\u00f6rdern.<\/em><\/p>\n\n\n\n<p><em>Wir sind \u00fcberzeugt, dass diese Arbeit hinsichtlich dem Schaffen von Vertrauen der \u00d6ffentlichkeit in staatliche Institutionen wichtig ist. Weder ist dieses Vertrauen selbst-verst\u00e4ndlich, noch hat es eine Regierung vorbehaltlos verdient.<\/em><\/p>\n\n\n\n<p><em>Das wache Auge der GPK und die Gewissheit, dass Konflikte, Vorw\u00fcrfte und der eine oder andere medial herbei-geschriebene Skandal in einer grossr\u00e4tlichen Oberaufsicht und mit Hilfe professionell aufgestellter Kleeblattorganisationen untersucht und falls n\u00f6tig \u00f6ffentlich kritisiert wird, schafft diese Vertrauen.<\/em><\/p>\n\n\n\n<p><em>Bei der Ver\u00f6ffentlichung des GPK-Berichts interessieren vor allem die konkreten Emfpehungen der Kommission. Sozusagen die handfeste Kritik AN der regierungsr\u00e4tlichen Arbeit. GPK-Pr\u00e4sident Guschti von Wartburg und andere haben die wichtigsten Punkte dazu bereits ausgef\u00fchrt.<\/em><\/p>\n\n\n\n<p><em>Die Gr\u00fcnliberalen begr\u00fcssen alle Empfehlungen der GPK. Wir unterst\u00fctzen diese.<\/em><\/p>\n\n\n\n<p><em>Wichtig sind aber auch die Untersuchungen, in denen die Kommission feststellen konnte, dass die Regeriung trotz anf\u00e4nglicher Bef\u00fcrchtungen erwartungsgem\u00e4ss gearbeitet hat. Die ANZAHL der bearbeiteten Themen und der durchgef\u00fchrten Hearing ist beachtlich. Wenn zudem bedacht wird, dass nur ein kleiner Teil der Hinweise und &#8222;Verdachtsmomente&#8220; \u00fcberhaupt zu einem Hearing f\u00fchren, l\u00e4sst DAS die Tiefe der Auseinandersetzung MIT der Arbeit der Regierung und der Verwaltung erahnen.<\/em><\/p>\n\n\n\n<p><em>In der Gr\u00fcnliberalen Fraktion ist die Verh\u00e4ltnissm\u00e4ssigkeit immer wieder ein Thema. -&gt; Wann gilt staatliches Handeln als angemessen?<\/em><\/p>\n\n\n\n<p><em>Wir begr\u00fcssen darum, dass die GPK sich bei all den Themen auch diese Frage immer wieder stellt. Die Beurteilung f\u00e4llt unterschiedlich aus.<\/em><\/p>\n\n\n\n<p><em>Am Beispiel der Missst\u00e4nde an der Ballettschule Theater Basel zeigt sich, dass gewisse Zust\u00e4ndigkeiten und Schnittstellen nicht ganz richtig gelegt waren. Auch wenn im speziellen Fall die Verantwortung nicht aus-schliesslich beim Kanton zu suchen sei, h\u00e4lt die GPK hier eine gewisse Nachl\u00e4ssigkeit in der Aufsicht fest.<\/em><\/p>\n\n\n\n<p><em>Die Gr\u00fcnliberallen begr\u00fcssen die Empfehlung der GPK, systematisch zu \u00fcberpr\u00fcfen, wo \u00e4hnliche Strukturen bewirken, dass Menschen in ihrer Ausbildung missbr\u00e4uchlichem Verhalten ausgesetzt sind. Wir vertauen auf die Regierung, dass diese Empfehlung ungesetzt wird und wo n\u00f6tig entsprechende Massnahmen ergriffen werden.<\/em><\/p>\n\n\n\n<p><em>W\u00e4hrend das staatliche Handeln in Bezug auf die Ballettschule auf der Angemessenheits-Skala eher bei der Nachl\u00e4ssgeit zu verorten ist, nennt die GPK in ihrem Bericht auch Beispiele, die an Augenmass eher vermissen lassen:<\/em><\/p>\n\n\n\n<p><em>So hat die GPK festgestellt, dass der R\u00fcckstau der Gesuche beim Bauinspektorat AUCH, ABER nicht ausschliesslich auf den personellen Unterbestand zur\u00fcckzuf\u00fchren war. So sei bei der Gesuchbearbeitung nach der Maxime gearbeitet worden, Entscheide im Baubewilligungsverfahren m\u00f6glichst \u00abrekursfest\u00bb zu f\u00e4llen. WAS nach solider Arbeit klingt und faktisch es auch IST, f\u00fchrte in der Praxis zu den kritisierten Verz\u00f6gerungen. Die GPK erwartet hier, dass der vorhandene Ermessensspielraum k\u00fcnftig im Sinne verst\u00e4rkter Kunden-orientierung genutzt wird. Dem schliessen wir uns an und begr\u00fcssen, dass bereits Massnahmen ergriffen wurden.<\/em><\/p>\n\n\n\n<p><em>Auch Potenzial zur Unverh\u00e4ltnism\u00e4ssigkeit hat der Prozess der Lohngleichheitsanalyse. Bekanntlich unterst\u00fctzt die Gr\u00fcnliberalen das Ziel der Lohngleichheit. Auch sind wir bereit, eine gewisse Versch\u00e4rfung mitzutragen. Wie das Sekretariat der eidgen\u00f6ssischen Wettbewerbs-kommission (WEKO) und die GPK sind wir GLEICHTZEITIG der Auffassung, dass der Regierungsrat hier \u00fcber das Ziel hinaus schiesst, wenn er zum Nachweis der Lohngleichheit eine einzige Softwarel\u00f6sung f\u00fcr zwingend erl\u00e4rt.<\/em><\/p>\n\n\n\n<p><em>Richtig ist, dass die Analyse-Methode wissenschaftlich und rechtskonform sein muss. Wir appelieren hier aber an die Transparenz \u2013 und wie das die GPK verlangt: an die Bekanntgabe der grunds\u00e4tzlichen Paralemeter F\u00dcR die Pr\u00fcfung der Lohngleichheit. Mit welcher Software die Analyse erfolgt, soll nicht vorgeschrieben werden. Wir geben zudem zu bedenken, dass Lohngleichheit nur IN Zusammenarbeit MIT den Unternehmen und Organisationen erreicht wird \u2013 und nicht gegen sie.<\/em><\/p>\n\n\n\n<p><em>In diesem Sinne steht das Beispiel der Balletschule punkto Angemessenheit des staatlichen Handelns eher auf der zu nachl\u00e4ssigen Seite, w\u00e4hrend beim Bau-inspektorat und der Lohngleichheitsanalyse unserem Verst\u00e4ndnis nach das Augenmass verloren ging. In allen drei F\u00e4llen braucht es Korrekturen \u2013 in die eine oder andere Richtung.<\/em><\/p>\n\n\n\n<p><em>Ich fokussiere hier den Aspekt der Angemessenheit, weil wir denken, dass es eine der wichtigsten und auch anspruchsvollsten Aufgaben der regierungsr\u00e4tlichen Verantwortung ist. Vom Polizeieinsatz bis zur Absicherung bei Kulturf\u00f6rder-Beitr\u00e4gen Die Verh\u00e4ltnism\u00e4ssig muss st\u00e4ndig aufs Neue gepr\u00fcft werden.<\/em><\/p>\n\n\n\n<p><em>Es bleibt anspruchsvoll das richtige Mass zu finden und zu halten. Wir appelieren an die Aufmerksamkeit f\u00fcr diese Herausforderung.<\/em><\/p>\n\n\n\n<p><em>Dem Grossen Rat empfehlen wir, den Bericht der GPK zu genehmigen.<\/em><\/p>\n\n\n\n<p><em>Danke f\u00fcr Ihre Aufmerksamkeit.<\/em><\/p>\n\n\n\n<p class=\"hinweisbox\"><a href=\"https:\/\/www.johannes-sieber.ch\/move\/zur-verhaeltnismaessigkeit-staatlichen-handelns\/\">Zur\u00fcck zur Notiz<\/a><\/p>\n\n\n\n<p class=\"fotoquelle\">Foto zur Notiz: Johannes Sieber<\/p>\n","protected":false},"excerpt":{"rendered":"<p>Votum zum Rechenschaftsbericht der Gesch\u00e4ftspr\u00fcfungskommission und Bericht zum Jahresbericht 2022 des Regierungsrats. Herr Pr\u00e4sident, Herr Statthalter,Kolleginnen und Kollegen,gesch\u00e4tzte Regierung Die Fraktion der Gr\u00fcnliberalen schliesst sich dem Dank an die Regierung, die Verwaltung, die Kleeblatt-organisationen und&#8230;<\/p>\n","protected":false},"author":1,"featured_media":7400,"parent":0,"menu_order":0,"comment_status":"closed","ping_status":"closed","template":"","meta":{"footnotes":""},"class_list":["post-7405","page","type-page","status-publish","has-post-thumbnail","hentry"],"yoast_head":"<!-- This site is optimized with the Yoast SEO plugin v27.4 - https:\/\/yoast.com\/product\/yoast-seo-wordpress\/ -->\n<title>Script Votum, 28.06.2023 - Johannes Sieber<\/title>\n<meta name=\"robots\" content=\"index, follow, max-snippet:-1, max-image-preview:large, max-video-preview:-1\" \/>\n<link rel=\"canonical\" href=\"https:\/\/www.johannes-sieber.ch\/move\/script-votum-28-06-2023\/\" \/>\n<meta property=\"og:locale\" content=\"de_DE\" \/>\n<meta property=\"og:type\" content=\"article\" \/>\n<meta property=\"og:title\" content=\"Script Votum, 28.06.2023 - Johannes Sieber\" \/>\n<meta property=\"og:description\" content=\"Votum zum Rechenschaftsbericht der Gesch\u00e4ftspr\u00fcfungskommission und Bericht zum Jahresbericht 2022 des Regierungsrats. Herr Pr\u00e4sident, Herr Statthalter,Kolleginnen und Kollegen,gesch\u00e4tzte Regierung Die Fraktion der Gr\u00fcnliberalen schliesst sich dem Dank an die Regierung, die Verwaltung, die Kleeblatt-organisationen und...\" \/>\n<meta property=\"og:url\" content=\"https:\/\/www.johannes-sieber.ch\/move\/script-votum-28-06-2023\/\" \/>\n<meta property=\"og:site_name\" content=\"Johannes Sieber\" \/>\n<meta property=\"article:modified_time\" content=\"2023-06-29T06:03:16+00:00\" \/>\n<meta property=\"og:image\" content=\"https:\/\/www.johannes-sieber.ch\/move\/wp-content\/uploads\/2023\/06\/IMG_3433-scaled.jpg\" \/>\n\t<meta property=\"og:image:width\" content=\"2560\" \/>\n\t<meta property=\"og:image:height\" content=\"1920\" \/>\n\t<meta property=\"og:image:type\" content=\"image\/jpeg\" \/>\n<meta name=\"twitter:card\" content=\"summary_large_image\" \/>\n<meta name=\"twitter:site\" content=\"@JohannesSieber\" \/>\n<meta name=\"twitter:label1\" content=\"Gesch\u00e4tzte Lesezeit\" \/>\n\t<meta name=\"twitter:data1\" content=\"5\u00a0Minuten\" \/>\n<script type=\"application\/ld+json\" class=\"yoast-schema-graph\">{\"@context\":\"https:\\\/\\\/schema.org\",\"@graph\":[{\"@type\":\"WebPage\",\"@id\":\"https:\\\/\\\/www.johannes-sieber.ch\\\/move\\\/script-votum-28-06-2023\\\/\",\"url\":\"https:\\\/\\\/www.johannes-sieber.ch\\\/move\\\/script-votum-28-06-2023\\\/\",\"name\":\"Script Votum, 28.06.2023 - Johannes Sieber\",\"isPartOf\":{\"@id\":\"https:\\\/\\\/www.johannes-sieber.ch\\\/move\\\/#website\"},\"primaryImageOfPage\":{\"@id\":\"https:\\\/\\\/www.johannes-sieber.ch\\\/move\\\/script-votum-28-06-2023\\\/#primaryimage\"},\"image\":{\"@id\":\"https:\\\/\\\/www.johannes-sieber.ch\\\/move\\\/script-votum-28-06-2023\\\/#primaryimage\"},\"thumbnailUrl\":\"https:\\\/\\\/www.johannes-sieber.ch\\\/move\\\/wp-content\\\/uploads\\\/2023\\\/06\\\/IMG_3433-scaled.jpg\",\"datePublished\":\"2023-06-29T06:03:13+00:00\",\"dateModified\":\"2023-06-29T06:03:16+00:00\",\"breadcrumb\":{\"@id\":\"https:\\\/\\\/www.johannes-sieber.ch\\\/move\\\/script-votum-28-06-2023\\\/#breadcrumb\"},\"inLanguage\":\"de\",\"potentialAction\":[{\"@type\":\"ReadAction\",\"target\":[\"https:\\\/\\\/www.johannes-sieber.ch\\\/move\\\/script-votum-28-06-2023\\\/\"]}]},{\"@type\":\"ImageObject\",\"inLanguage\":\"de\",\"@id\":\"https:\\\/\\\/www.johannes-sieber.ch\\\/move\\\/script-votum-28-06-2023\\\/#primaryimage\",\"url\":\"https:\\\/\\\/www.johannes-sieber.ch\\\/move\\\/wp-content\\\/uploads\\\/2023\\\/06\\\/IMG_3433-scaled.jpg\",\"contentUrl\":\"https:\\\/\\\/www.johannes-sieber.ch\\\/move\\\/wp-content\\\/uploads\\\/2023\\\/06\\\/IMG_3433-scaled.jpg\",\"width\":2560,\"height\":1920,\"caption\":\"Gesch\u00e4ftspr\u00fcfungskommission Grosser Rat Johannes Sieber\"},{\"@type\":\"BreadcrumbList\",\"@id\":\"https:\\\/\\\/www.johannes-sieber.ch\\\/move\\\/script-votum-28-06-2023\\\/#breadcrumb\",\"itemListElement\":[{\"@type\":\"ListItem\",\"position\":1,\"name\":\"Startseite\",\"item\":\"https:\\\/\\\/www.johannes-sieber.ch\\\/move\\\/\"},{\"@type\":\"ListItem\",\"position\":2,\"name\":\"Script Votum, 28.06.2023\"}]},{\"@type\":\"WebSite\",\"@id\":\"https:\\\/\\\/www.johannes-sieber.ch\\\/move\\\/#website\",\"url\":\"https:\\\/\\\/www.johannes-sieber.ch\\\/move\\\/\",\"name\":\"Johannes Sieber\",\"description\":\"Notizen zu Kultur, Klima, Stadt &amp; Menschen\",\"publisher\":{\"@id\":\"https:\\\/\\\/www.johannes-sieber.ch\\\/move\\\/#\\\/schema\\\/person\\\/d92682c5f067a49d1c1f925bd5422e14\"},\"potentialAction\":[{\"@type\":\"SearchAction\",\"target\":{\"@type\":\"EntryPoint\",\"urlTemplate\":\"https:\\\/\\\/www.johannes-sieber.ch\\\/move\\\/?s={search_term_string}\"},\"query-input\":{\"@type\":\"PropertyValueSpecification\",\"valueRequired\":true,\"valueName\":\"search_term_string\"}}],\"inLanguage\":\"de\"},{\"@type\":[\"Person\",\"Organization\"],\"@id\":\"https:\\\/\\\/www.johannes-sieber.ch\\\/move\\\/#\\\/schema\\\/person\\\/d92682c5f067a49d1c1f925bd5422e14\",\"name\":\"Johannes Sieber\",\"image\":{\"@type\":\"ImageObject\",\"inLanguage\":\"de\",\"@id\":\"https:\\\/\\\/secure.gravatar.com\\\/avatar\\\/31f81941f5205fb74a8b0f15334401b3be15721e177e88208533a81bf8dae247?s=96&d=mm&r=g\",\"url\":\"https:\\\/\\\/secure.gravatar.com\\\/avatar\\\/31f81941f5205fb74a8b0f15334401b3be15721e177e88208533a81bf8dae247?s=96&d=mm&r=g\",\"contentUrl\":\"https:\\\/\\\/secure.gravatar.com\\\/avatar\\\/31f81941f5205fb74a8b0f15334401b3be15721e177e88208533a81bf8dae247?s=96&d=mm&r=g\",\"caption\":\"Johannes Sieber\"},\"logo\":{\"@id\":\"https:\\\/\\\/secure.gravatar.com\\\/avatar\\\/31f81941f5205fb74a8b0f15334401b3be15721e177e88208533a81bf8dae247?s=96&d=mm&r=g\"},\"sameAs\":[\"https:\\\/\\\/www.johannes-sieber.ch\\\/\",\"https:\\\/\\\/www.instagram.com\\\/johannes__sieber\",\"https:\\\/\\\/x.com\\\/https:\\\/\\\/twitter.com\\\/JohannesSieber\"]}]}<\/script>\n<!-- \/ Yoast SEO plugin. -->","yoast_head_json":{"title":"Script Votum, 28.06.2023 - Johannes Sieber","robots":{"index":"index","follow":"follow","max-snippet":"max-snippet:-1","max-image-preview":"max-image-preview:large","max-video-preview":"max-video-preview:-1"},"canonical":"https:\/\/www.johannes-sieber.ch\/move\/script-votum-28-06-2023\/","og_locale":"de_DE","og_type":"article","og_title":"Script Votum, 28.06.2023 - Johannes Sieber","og_description":"Votum zum Rechenschaftsbericht der Gesch\u00e4ftspr\u00fcfungskommission und Bericht zum Jahresbericht 2022 des Regierungsrats. Herr Pr\u00e4sident, Herr Statthalter,Kolleginnen und Kollegen,gesch\u00e4tzte Regierung Die Fraktion der Gr\u00fcnliberalen schliesst sich dem Dank an die Regierung, die Verwaltung, die Kleeblatt-organisationen und...","og_url":"https:\/\/www.johannes-sieber.ch\/move\/script-votum-28-06-2023\/","og_site_name":"Johannes Sieber","article_modified_time":"2023-06-29T06:03:16+00:00","og_image":[{"width":2560,"height":1920,"url":"https:\/\/www.johannes-sieber.ch\/move\/wp-content\/uploads\/2023\/06\/IMG_3433-scaled.jpg","type":"image\/jpeg"}],"twitter_card":"summary_large_image","twitter_site":"@JohannesSieber","twitter_misc":{"Gesch\u00e4tzte Lesezeit":"5\u00a0Minuten"},"schema":{"@context":"https:\/\/schema.org","@graph":[{"@type":"WebPage","@id":"https:\/\/www.johannes-sieber.ch\/move\/script-votum-28-06-2023\/","url":"https:\/\/www.johannes-sieber.ch\/move\/script-votum-28-06-2023\/","name":"Script Votum, 28.06.2023 - Johannes Sieber","isPartOf":{"@id":"https:\/\/www.johannes-sieber.ch\/move\/#website"},"primaryImageOfPage":{"@id":"https:\/\/www.johannes-sieber.ch\/move\/script-votum-28-06-2023\/#primaryimage"},"image":{"@id":"https:\/\/www.johannes-sieber.ch\/move\/script-votum-28-06-2023\/#primaryimage"},"thumbnailUrl":"https:\/\/www.johannes-sieber.ch\/move\/wp-content\/uploads\/2023\/06\/IMG_3433-scaled.jpg","datePublished":"2023-06-29T06:03:13+00:00","dateModified":"2023-06-29T06:03:16+00:00","breadcrumb":{"@id":"https:\/\/www.johannes-sieber.ch\/move\/script-votum-28-06-2023\/#breadcrumb"},"inLanguage":"de","potentialAction":[{"@type":"ReadAction","target":["https:\/\/www.johannes-sieber.ch\/move\/script-votum-28-06-2023\/"]}]},{"@type":"ImageObject","inLanguage":"de","@id":"https:\/\/www.johannes-sieber.ch\/move\/script-votum-28-06-2023\/#primaryimage","url":"https:\/\/www.johannes-sieber.ch\/move\/wp-content\/uploads\/2023\/06\/IMG_3433-scaled.jpg","contentUrl":"https:\/\/www.johannes-sieber.ch\/move\/wp-content\/uploads\/2023\/06\/IMG_3433-scaled.jpg","width":2560,"height":1920,"caption":"Gesch\u00e4ftspr\u00fcfungskommission Grosser Rat Johannes Sieber"},{"@type":"BreadcrumbList","@id":"https:\/\/www.johannes-sieber.ch\/move\/script-votum-28-06-2023\/#breadcrumb","itemListElement":[{"@type":"ListItem","position":1,"name":"Startseite","item":"https:\/\/www.johannes-sieber.ch\/move\/"},{"@type":"ListItem","position":2,"name":"Script Votum, 28.06.2023"}]},{"@type":"WebSite","@id":"https:\/\/www.johannes-sieber.ch\/move\/#website","url":"https:\/\/www.johannes-sieber.ch\/move\/","name":"Johannes Sieber","description":"Notizen zu Kultur, Klima, Stadt &amp; Menschen","publisher":{"@id":"https:\/\/www.johannes-sieber.ch\/move\/#\/schema\/person\/d92682c5f067a49d1c1f925bd5422e14"},"potentialAction":[{"@type":"SearchAction","target":{"@type":"EntryPoint","urlTemplate":"https:\/\/www.johannes-sieber.ch\/move\/?s={search_term_string}"},"query-input":{"@type":"PropertyValueSpecification","valueRequired":true,"valueName":"search_term_string"}}],"inLanguage":"de"},{"@type":["Person","Organization"],"@id":"https:\/\/www.johannes-sieber.ch\/move\/#\/schema\/person\/d92682c5f067a49d1c1f925bd5422e14","name":"Johannes Sieber","image":{"@type":"ImageObject","inLanguage":"de","@id":"https:\/\/secure.gravatar.com\/avatar\/31f81941f5205fb74a8b0f15334401b3be15721e177e88208533a81bf8dae247?s=96&d=mm&r=g","url":"https:\/\/secure.gravatar.com\/avatar\/31f81941f5205fb74a8b0f15334401b3be15721e177e88208533a81bf8dae247?s=96&d=mm&r=g","contentUrl":"https:\/\/secure.gravatar.com\/avatar\/31f81941f5205fb74a8b0f15334401b3be15721e177e88208533a81bf8dae247?s=96&d=mm&r=g","caption":"Johannes Sieber"},"logo":{"@id":"https:\/\/secure.gravatar.com\/avatar\/31f81941f5205fb74a8b0f15334401b3be15721e177e88208533a81bf8dae247?s=96&d=mm&r=g"},"sameAs":["https:\/\/www.johannes-sieber.ch\/","https:\/\/www.instagram.com\/johannes__sieber","https:\/\/x.com\/https:\/\/twitter.com\/JohannesSieber"]}]}},"jetpack_sharing_enabled":true,"_links":{"self":[{"href":"https:\/\/www.johannes-sieber.ch\/move\/wp-json\/wp\/v2\/pages\/7405","targetHints":{"allow":["GET"]}}],"collection":[{"href":"https:\/\/www.johannes-sieber.ch\/move\/wp-json\/wp\/v2\/pages"}],"about":[{"href":"https:\/\/www.johannes-sieber.ch\/move\/wp-json\/wp\/v2\/types\/page"}],"author":[{"embeddable":true,"href":"https:\/\/www.johannes-sieber.ch\/move\/wp-json\/wp\/v2\/users\/1"}],"replies":[{"embeddable":true,"href":"https:\/\/www.johannes-sieber.ch\/move\/wp-json\/wp\/v2\/comments?post=7405"}],"version-history":[{"count":1,"href":"https:\/\/www.johannes-sieber.ch\/move\/wp-json\/wp\/v2\/pages\/7405\/revisions"}],"predecessor-version":[{"id":7406,"href":"https:\/\/www.johannes-sieber.ch\/move\/wp-json\/wp\/v2\/pages\/7405\/revisions\/7406"}],"wp:featuredmedia":[{"embeddable":true,"href":"https:\/\/www.johannes-sieber.ch\/move\/wp-json\/wp\/v2\/media\/7400"}],"wp:attachment":[{"href":"https:\/\/www.johannes-sieber.ch\/move\/wp-json\/wp\/v2\/media?parent=7405"}],"curies":[{"name":"wp","href":"https:\/\/api.w.org\/{rel}","templated":true}]}}